 - (-4 - (-1 - -1 - 20))) + 6
0
Calculate 0 - -8 - (5 - 1).
4
Evaluate (714 - 729) + 0 + 5.
-10
Evaluate (-81 - -89 - (10 - -1) - -11) + -12.
-4
What is (-12 - 11) + 32 + -22?
-13
What is the value of 6 + -2 + -1 - (-14 + 11)?
6
What is (120 + -101 - (2 - -37)) + -11?
-31
Evaluate -1 - -20 - ((-19 - -66) + -41).
13
What is the value of -2 + (-3 - -1) + -11 + -11 + 1?
-25
What is -2 + (16 - 5) + -7 + -13?
-11
What is the value of (2 + -3 - (-5 + 4)) + -28 + 23?
-5
14 - (7 - (-8 + 11))
10
(-1 - 0) + (-41 - -28)
-14
Evaluate -33 - (7 + -9 + 3 + -6) - -5.
-23
Calculate 21 + (12 - ((-7 - -47) + -15)).
8
Calculate -9 - 4 - -20 - 9.
-2
What is 1 + (-9 + 0 - (-44 - -30))?
6
What is the value of (10 - (-6 - -7)) + -21 - 14?
-26
-4 - ((-1 - 9) + -180 + 199 - 39)
26
What is 1 + (5 - 1) + 11 + -27 + 11?
0
Calculate 22 + -13 + (1 - -6).
16
-159 + 183 + -23 + 4
5
(5 + -1 - 9) + 4
-1
Calculate 1 + -5 - (-26 + (5 - -21)).
-4
Calculate (-3 + 5 - -1) + -5 + 0.
-2
29 - ((-26 - -28) + 3)
24
Calculate 3 + 7 + (-5 - 6) + 4 + 2.
5
What is (0 - 11) + (-20 - -8 - -11) + 0?
-12
-8 + 2 + 1 + (34 - 16)
13
-7 - (2 - 1 - (-49 - -43))
-14
What is 2 + -5 + -1 - (111 + -109)?
-6
Calculate -45 + 38 + -1 + -23.
-31
Calculate 5 - (15 + -22 - -14 - 2).
0
Evaluate (71 + -43 - 29) + (4 - 0).
3
What is the value of 119 + -131 - (-4 - (-12 + -4))?
-24
What is the value of -422 + 408 + -1 + 3 + 4?
-8
(2 - -15 - 13) + (6 - (-2 + 3))
9
What is -7 + 0 + 2 - 11?
-16
What is -11 + 5 + -2 - ((-12 - 1) + 2)?
3
What is -9 + (-28 - -42) - (1 + -1)?
5
What is the value of -9 - ((12 - 33) + 3)?
9
What is the value of -10 + 51 + -15 + -17?
9
What is the value of 5 - (6 - (2 + 0 + 4)) - -2?
7
Evaluate -11 + (20 - (8 - -10)) - 17.
-26
What is the value of -10 - (8 - 11) - (-46 + 73)?
-34
Calculate -16 - -28 - 20 - 6.
-14
What is 21 + (12 - (12 - -2)) + (-2 - 1)?
16
Calculate -2 + -5 + 22 + 19 + -29.
5
Evaluate (-13 + 20 - 15) + -2.
-10
What is 12 + 2 + -12 - -13 - 13?
2
Calculate 28 + (-10 - 15 - -5).
8
(-10 - 9 - -15) + -2 + 20
14
What is the value of -10 + (-18 + 72 + -10 - 18)?
16
What is the value of 19 + (-24 - -19 - 3)?
11
What is -2 + (-9 - -15 - -3) - (5 - -8)?
-6
What is 0 + 2 - (17 - (-9 - -39) - -16)?
-1
What is the value of 36 + -7 + -24 - (-2 - -5)?
2
What is 1 + -17 + -280 + 284?
-12
Calculate (20 - 5) + (20 - -17) + -32.
20
What is the value of 603 + -589 + 1 + -13?
2
Calculate (2 - -59) + -62 - ((-1 - -1) + 3).
-4
6 - ((4 - 0) + (-83 - -70))
15
What is -4 - (-49 + 52 - (-2 + (22 - 0)))?
13
Calculate 21 - (-3 - -10 - 4) - (4 - 0).
14
Calculate 29 + -22 + (-65 - -37).
-21
Calculate -9 + -4 - (7 + -21).
1
What is the value of (-10 + 0 - 0) + (-32 - -14)?
-28
Calculate 4 + (21 - 9) - (0 - -5).
11
Evaluate 0 - (4 + (-11 - 0)) - -20.
27
What is -1579 - -1577 - (-1 + 1 + 0 + 1)?
-3
What is (1 - -2) + 58 + -66 + -5 - 3?
-13
Calculate 1 + (-12 + 6 - -10).
5
Evaluate 5 + (-1 - 8 - -2) - 7.
-9
What is 1 + 2 + -2 + 193 + -217?
-23
7 - ((27 - 5 - 5) + -5 + 1)
-6
What is 6 + -2 + (-2 + 4 - (15 - 4))?
-5
Calculate 4 - (4 - (-5 + 14) - (-1 + -11)).
-3
2 + -2 + -18 + (-19 + 8 - -4)
-25
Calculate -3 - -3 - (17 + -34).
17
What is 20 - (-5 - -17) - -10?
18
What is -8 + -10 + 1 - (-38 - -22)?
-1
What is the value of 636 + -626 + -6 + -2?
2
29 - (-18 - -68) - -26
5
Calculate (28 - 13) + (9 - 7 - -16).
33
-4 - (19 - (-2 - -2) - (55 + -47))
-15
-2 + -18 + 12 + 29
21
What is (18 - 6) + 1 + -25 - -13?
1
What is (-22 - -4 - 0) + 7?
-11
Calculate -13 + 10 + (-31 + 19 - (2 - 14)).
-3
Calculate -16 + (7 - (-3 - -5)) + 3.
-8
What is the value of 22 + -2 + -4 - -8 - 10?
14
Evaluate 3 + -3 + -6 + -2 - 9.
-17
-24 - (7 + -10) - 14 - -11
-24
Calculate -4 + (-15 - 9) + 19.
-9
Calculate 11 - (0 + 3 - (-7 - -5)).
6
What is the value of (-38 - -42) + -5 - (-1 + (-2 - -1))?
1
What is 1 + (0 - 0) - (22 + -19 + -18)?
16
0 + 0 + 156 + -144
12
What is -21 - (20 + 20 + -48)?
-13
Calculate (-8 - -36) + (4 - 20).
12
What is (-4 - (9 + 13)) + 16?
-10
Evaluate -16 + 3 - (-27 - 3).
17
What is (-2 - 29) + -7 + (-9 - -25)?
-22
What is the value of (59 - 19 - 12) + -15?
13
Calculate 3 - (5 + -12 - -12) - -4 - 2.
0
Calculate -1 + 14 - -2 - (-59 + 100 + -45).
19
(5 - -7) + -26 + 23
9
Calculate 6 - (5 + -10 + 10 - -3).
-2
656 - 668 - (-35 - (1 + -1 + -1))
22
(4 - (16 - 0 - 28)) + 18
34
-1 - 12 - (-169 - -160)
-4
What is -3 + -1 + (13 - 18) + 19?
10
-39 - (-1 - (-29 + 64))
-3
What is the value of (4 - -18) + -10 + 9 + -3 - 4?
14
Calculate -14 + 6 + (0 - -12) + 0.
4
Evaluate (45 - (33 + -16)) + -36.
-8
Calculate (2 - 10) + 38 + -36.
-6
What is the value of -20 - (23 + -33 + 16)?
-26
What is 2 + 4 - (5 - 1 - 2 - 2)?
6
What is the value of -10 - (-59 - -52 - (1 + 0 + -26))?
-28
Evaluate (8 - -4) + -40 + (1 - -13).
-14
What is the value of 33 + -2 + -44 - (-1 - 6)?
-6
What is the value of -1 + (-1 - -6) - (5 + (-4 - -1))?
2
What is the value of 37 + -31 - (4 + -7 + 1 + -5)?
13
Calculate -10 + -9 + 13 - -2.
-4
-17 + 10 - (7 + -8 - 4)
-2
Evaluate 169 - 158 - (-2 + 0 + 1 + 0).
12
Calculate 0 + -1 + 5 - (-117 + 105).
16
Evaluate 24 + -40 + 18 + -3.
-1
What is 22 + -9 + 1 - (3 - -5)?
6
What is 8 + 0 - ((17 - -1) + -18)?
8
Calculate 3 - -1 - -3 - (-14 + 5 + 3).
13
Evaluate 7 + -18 + 10 + (0 + 1 - -5).
5
What is the value of 5 + -11 + (-4 + 14 - 8)?
-4
Calculate 11 + -16 - (-8 - (-7 - -9)).
5
Calculate 10 + (-15 - 4) + 6 + (-1 - -3).
-1
Evaluate 7 - (-5 - (7 + -4 - 2)) - -1.
14
Evaluate -2 - 6 - -16 - (-4 + 0).
12
(-7 - -12) + 0 + -6
-1
What is 4 + (-9 + -2 - -3) + 6?
2
What is (42 - 40) + -2 + 8?
8
(106 - 103 - (5 + 3)) + 35
30
0 + 0 - (-3 - (14 + -36))
-19
Evaluate (-2 - 8) + (114 - 132) + 11.
-17
-2 + ((-6 - -3 - -3) + -6 - -6)
-2
What is the value of -3 + -1 + (-189 - -192) - -19?
18
What is -33 - (-78 + 63 + -47)?
29
-8 + (15 - 6 - 1)
0
What is -7 + (31 - (-5 + 6))?
23
10 - (-3 - 0) - (-5 + 4)
14
Evaluate -30 - (-16 + -7) - 14.
-21
Calculate 0 - -15 - ((-1 - 0) + 4).
12
What is 8 + (2 - -18) + -25?
3
What is 4 - 3 - (7 - -1 - (3 + 0))?
-4
What is the value of (27 + -47 - -19) + 12?
11
What is the value of 9 + 46 + -24 + -30?
1
Evaluate 15 - (0 + 5 - (14 + 14 - 22)).
16
Calculate 26 - (0 - -13) - (-1 + 0).
14
Evaluate 12 - (-8 - -19 - (-3 - -6)).
4
(-17 - (-14 + -6)) + -14
-11
44 - 29 - 17 - (7 + 3)
-12
-1 + -1 + (-4 + 13 - (-87 + 95))
-1
(14 - 21) + 4 - 8
-11
What is -283 + 288 - (11 - -2 - 1) - -1?
-6
What is -4 + (55 - 55) - (10 + -1)?
-13
What is -23 - (-33 + (-3 - -8))?
5
19 + -1 - (-205 + 218)
5
What is (-6 - 2) + 14 + -11 + -15?
-20
3 + -10 + (5 - (7 + -5 - -2))
-6
Calculate 6 + (-8 - -23) - -5.
26
What is the value of (-2 - -3) + (-20 - 4)?
-23
What is -38 - (-43 + -8) - (-2 + -1)?
16
What is -2 + 1 + 2 + (-2 - 7) + 21?
13
-6 - (12 - (-10 + 34) - 6)
12
-14 + (24 - (23 - -4))
-17
Evaluate (0 - -19 - (-4 - 2)) + (62 - 61).
26
Evaluate -4 + (-2 + (-3 - 4) - -14).
1
Evaluate 12 - 9 - (-6 + (-6 - -7)) - 14.
-6
((-4 - -9) + -9 - -33) + -89 + 81
21
Evaluate 11 + -8 + -8 + 6 - -1.
2
6 - (-9 - (-8 + -7 - -6))
6
Evaluate 2 + 1 - (13 + -1 + -1).
-8
What is the value of 9 - (7 + (-13 - 0))?
15
Calculate 34 + (-5 - (-17 + 17 + 1)).
28
What is the value of 19 + -31 - (1 + -7)?
-6
What is the value of 7 - (-66 - -61) - (1 + 0 + 1)?
10
(1 + (-7 - 1) - 1) + (882 - 883)
-9
Evaluate -122 + 121 + 6 + -2.
3
What is -52 + 50 - (0 + -1 + 2) - 6?
-9
Calculate -16 + 7 - (10 + -27 - -2).
6
7 - (1 - (0 + -5 - -1)) - 9
-7
Calculate (-2 - -12) + -15 - -7.
2
What is 21 - (18 - (20 + -9))?
14
Evaluate 7 + -1 - (-10 + -41 + 44).
13
31 - 25 - (-11 - -22)
-5
What is -1 - (26 - 34 - (3 + 1))?
11
What is the value of (20 - 15) + (-3 - -10 - -1)?
13
What is the value of -21 + (32 + -24 - -24)?
11
Evaluate -687 + 702 - (1 + -2).
16
Calculate 47 + -6 + 12 + -31.
22
-6 + 3 - 3 - (-6 + 12)
-12
Calculate 6 + -4 + (-25 - -7 - -9).
-7
Calculate (-26 - (1 - (7 - 10))) + 10.
-20
What is the value of -6 + 7 - -5 - (5 - 15)?
16
What is the value of (-9 + 7 + 4 - 0) + (17 - 1)?
18
What is (1 - 3 - (-12 + -5)) + -14?
1
Evaluate -1 + -4 - (0 + -11 - -8).
-2
What is the value of 6 + 10 + 9 - (27 - 14)?
12
Evaluate -12 + (8 + 11 - 4).
3
What is the value of 18 + -25 + (-15 - -1)?
-21
(6 - -17 - 30) + 9 + (3 - 1)
4
Calculate (32 - -39) + -31 + -16.
24
What is the value of 7 + (11 - (24 